) + -9 + 54. Let i = 36 - r. Let v(j) = -2*j**3 - 16*j**2 + 8*j - 27. Is v(i) prime?
True
Let p = 23 - 24. Is (p/(-3))/((6 + -4)/17382) a prime number?
True
Let x = -35508 - -80207. Is x a composite number?
False
Let h = -166 - -178. Is (-502)/h*-44 - 1/(-3) a composite number?
True
Let n = 10617 + 52278. Suppose 9*c + 6*c - n = 0. Is c composite?
True
Is (4/(-4))/(1/(-1262665)) a composite number?
True
Let u(j) = -16*j**3 - 85*j**2 + 18*j + 320. Is u(-45) composite?
True
Suppose 4*n + 3*m = 1801, 2*m + 102 = n - 340. Let f = 174 + n. Is f prime?
False
Suppose 97*y - 105 = 92*y. Suppose -8*j + 78967 = y*j. Is j composite?
True
Suppose 24*i - 26*i = -18552. Suppose 2*f - 3197 = 2*k + 6059, 2*f = -2*k + i. Is f composite?
True
Suppose -217440 = -4*c - 40*b + 44*b, -163064 = -3*c - 5*b. Is c prime?
False
Let s(r) be the second derivative of 227*r**3/3 + r**2 + 37*r. Let z be s(3). Suppose -2*y + 2*w + 0*w = -z, 0 = -2*w - 2. Is y prime?
False
Let d(g) = g**2 + 4*g - 45. Let a be d(-9). Is 948 + -4 + 9 + a a prime number?
True
Suppose 0 = -2*o + 246*m - 251*m + 211217, -5*o - 3*m = -528014. Is o composite?
False
Let v be (11 + -8)/((18/(-8012))/(-3)). Let g = v - -3633. Is g a prime number?
True
Is (-17896623)/(-246) - (-9)/(-6) a composite number?
True
Is 2 - 2/3 - (-26342085)/315 a prime number?
False
Let q = -23 - -25. Suppose 0*m = 3*m - r + 5, m - 4*r = q. Is ((-48700)/45 - (-4)/18)/m prime?
True
Suppose 2*x + 1923 = 5*y + 607, -1313 = -5*y + x. Let h(p) = 135*p**2 - p + 1. Let q be h(2). Suppose -q - y = -3*a. Is a a prime number?
False
Let q be (3 - 3) + 2 + -2. Let b be 4 + 0 + q*3/(-6). Is (b - 26/7) + 5442/14 a composite number?
False
Let w(q) = -26*q**3 + 58*q**2 - 20*q. Let p(o) = 13*o**3 - 30*o**2 + 10*o + 1. Let d(u) = 5*p(u) + 2*w(u). Is d(12) a composite number?
True
Let m = 38 + -46. Let u(k) = -k**2 - 10*k - 14. Let g be u(m). Suppose s = -g*s + 1749. Is s composite?
True
Suppose -5*g + 3*t = -133618, 5*t - 4*t = -g + 26730. Suppose 15018 + g = 8*z. Is z composite?
True
Let p be (20 - 26) + 1 + 18. Suppose -p + 22999 = 6*i. Is i a prime number?
False
Let l(d) = 1159*d**2 - 6*d + 19. Let t = -82 - -86. Is l(t) composite?
False
Let v(d) = 6*d**3 - 62*d**2 + 4*d + 133. Let l(g) = 2*g**3 - 21*g**2 + g + 45. Let i(z) = -7*l(z) + 2*v(z). Is i(11) prime?
True
Let x(h) = 142*h**2 + 41*h - 239. Is x(12) a prime number?
False
Let x = -3427 - -5757. Let z = x - -19973. Is z prime?
True
Suppose -2*j + 10 = 3*j. Suppose -3*b + 0*a + 30 = -3*a, -2*b - 3*a - 5 = 0. Suppose 10 = b*m, -j*m + 320 = t + t. Is t composite?
True
Let t be 44919/(-36) - -9 - 1/4. Let c = 2600 + t. Is c prime?
True
Suppose 4*o = -2*d - 2, -4*o = -2*d + 2 + 4. Let l be o*(-16890)/(-9)*18/(-15). Let y = l - 1333. Is y a composite number?
False
Let p(v) = -297353*v - 36. Is p(-1) prime?
True
Suppose -3*o = 1117 - 54289. Suppose 13*b = -15*b + o. Is b a composite number?
True
Let z(l) = -71*l + 33. Let w be z(14). Let s = 1432 + w. Is s prime?
False
Let g = -32311 - -93734. Is g a composite number?
True
Let z(u) = 254*u - 10301. Is z(75) a prime number?
False
Let u = -123095 + 509016. Is u prime?
False
Let c = 198490 + -99897. Is c a composite number?
True
Suppose -3*y + 211 = v, -y + 123 = -5*v + 1162. Let t = v - 716. Let m = t + 1337. Is m a composite number?
False
Let l = 1657 - -18. Suppose 2*t = 7601 - l. Is t a prime number?
True
Let h(t) = -44470*t**3 - 19*t**2 - t - 5. Is h(-2) a prime number?
False
Let z(t) = 1586*t + 3. Suppose -2*m + 28 = 5*h, 2 = 3*m - 5*h + 10. Is z(m) prime?
False
Let k(v) = 1899*v**2 - 24*v + 97. Is k(10) prime?
True
Suppose w = 3*t + 34, -4*t = w - 3*w + 58. Let v be 5/(-1)*(w + -20). Suppose 8*y + 3285 = v*c + 6*y, -y + 650 = c. Is c a composite number?
True
Let b(f) = f**3 + 19*f**2 + 2*f + 8. Let z be b(-19). Let w be 3045/z*(-36)/7. Suppose 10*n - 5*n + w = v, 5 = n. Is v a prime number?
True
Suppose f + f = -10, 4*c = -4*f + 44576. Is c prime?
True
Is (-199833)/6*(-9)/((-9)/(-2)) prime?
False
Is ((-8)/3)/2*(-540069855)/4420 a composite number?
False
Suppose -368 = -7*a - 46. Suppose -a*n = -62012 + 9066. Is n a composite number?
False
Suppose 5*n + i = 3*i - 10, 8 = -4*n + 4*i. Is -2*953*(n - 4/(-8)) prime?
False
Let f(j) = j**3 - 13*j**2 - 7*j + 8. Let x be 15/25 - ((-4)/10 - -1). Let k be 22/2 - (x + -4). Is f(k) a prime number?
True
Let m(w) = -w**2 - 14*w + 36. Let l be m(-16). Suppose x = -1 + l, -2*v - 3*x = -6883. Suppose z + 6*z - v = 0. Is z prime?
True
Is 5048/(-56)*(-3 - 410) prime?
False
Let x = -1642 - -1643. Let p(m) = -1. Let f(a) = 1400*a**3 - a**2 - 2*a + 4. Let y(v) = f(v) + 2*p(v). Is y(x) prime?
True
Let c = 24868 - 7299. Is c composite?
False
Suppose 1279378 - 44466589 - 64863106 = -493*a. Is a prime?
True
Let f = -2629006 - -3815379. Is f composite?
False
Is 3 + 5 + -1 - (-2562846)/33 a prime number?
False
Suppose -2*q + 4*d - 18614 = -131004, -4*d = 5*q - 281017. Is q a composite number?
True
Suppose -6*a = 5 - 5. Suppose a = 30*n - 40*n + 61430. Is n a composite number?
False
Suppose -39 = 3*k - 12. Let o be ((-59)/(-2))/(k/(-594)). Suppose 8*p - 5*p - o = 0. Is p prime?
False
Let u(p) = p**3 + 8*p**2 + 8*p + 14. Let m be u(-6). Suppose -125428 = -m*v + 105574. Is v a composite number?
False
Let m be 50*(-141)/3 + (-3 - -5). Let w = -811 - m. Is w a prime number?
False
Let r = 62 - 58. Suppose -k + 5*g = k + 12321, -r*k = 3*g + 24629. Is 4/(-2)*k/4 a prime number?
True
Is (133/(-7) - 2)/(6/(-114974)) a composite number?
True
Suppose 0 = 7*v + 44469 - 291226. Is v composite?
False
Let h(n) = -n. Let j(w) = 22*w + 14. Let a(b) = 5*h(b) + j(b). Let d be (-47)/(-7) - (-150)/525. Is a(d) composite?
True
Suppose 36*s - 2*s - 34 = 0. Is 78305/(s + 6 - 2) a prime number?
True
Let t be 334/(-5) + (-20)/100. Let n = t - -552. Is n a composite number?
True
Let z(k) = 69*k**2 - 82*k - 3675. Is z(-34) prime?
True
Suppose 5*f - 43 = 62. Suppose f*o = -6*o + 93285. Is o a prime number?
False
Let n be 20435/(-15)*(-2)/(6/9). Suppose -7*m - n = -12*m - z, -m + 4*z = -830. Is m composite?
True
Let m(o) = -o**3 + 18*o**2 - 14*o - 28. Let c(w) = -2*w**3 + 37*w**2 - 30*w - 57. Let t(a) = 6*c(a) - 13*m(a). Suppose 0*r + 65 = 5*r. Is t(r) a prime number?
False
Suppose 286 - 90 = -7*m. Let k be m/36 - (-4)/(-18). Is (k/(-2))/((-4)/(-7288)) a composite number?
False
Is 113647 - (-9)/(-18)*(-4 - -4) a prime number?
True
Suppose 4*g - 2*l - l - 121 = 0, 4*g + 3*l = 151. Let m = 33 - g. Is (-1)/(-2)*(m - -3) - -130 a composite number?
False
Suppose 0 = 10*c - 4*c + 60. Let i be (-5)/((-50)/(-4)) + (-54)/c. Suppose i*d + z - 163 = 0, -2*z - 130 = -4*d - 3*z. Is d a composite number?
True
Let s(r) = -r + 47. Let y be s(14). Let f = -30 + y. Is (((-12270)/4)/f)/((-33)/66) a prime number?
False
Let d = -17199 + 24445. Let f = -3969 + d. Is f composite?
True
Let b(i) = -7*i**3 - 144*i**2 - 39*i + 56. Is b(-53) prime?
False
Suppose 4*d = -5*o + 3281061, 3*o - 1082838 - 885761 = 7*d. Is o a prime number?
False
Is 2/13 + (-802319)/(-13) a prime number?
True
Let r(p) = -59*p**2 - 81*p + 8. Let w be r(8). Let l = w + 35429. Is l a prime number?
True
Let l(g) = g**3 - 34*g**2 + 9*g - 13. Let j be l(15). Let q = j + 13382. Is q a prime number?
False
Let x(q) = 9*q**2 + 5*q - 9. Let a(c) = 7*c**2 - 2. Let p be a(-3). Let d = p + -78. Is x(d) composite?
True
Let g(t) = 3*t + 111. Let m be g(-36). Let v(c) = 41*c**2 - 4*c + 8. Is v(m) prime?
False
Let l(t) = 70*t**3 + 8*t**2 - 47. Is l(10) a composite number?
False
Suppose 0 = -5*d + 3*p - 58258, p - 4*p = 3*d + 34974. Let c = -6120 - d. Is c a prime number?
False
Suppose 108*x - 110*x = -2296. Suppose -6*q + 646 = -x. Is q a prime number?
False
Is (-2)/4 + (9 + -35)/(12/(-182121)) composite?
True
Let b(a) = 10*a**2 + 3*a - 5. Let t(c) = 21*c**2 + 7*c - 9. Let o(w) = 13*b(w) - 6*t(w). Suppose -39*n + 34*n = 50. Is o(n) a prime number?
True
Suppose a = 5, 420846 = 2*b - 167*a + 163*a. Is b prime?
False
Suppose 8*l - 43090 = 16782. Let j = -5151 + l. Is j a composite number?
False
Suppose -1 = z - 4, 0 = q + 2*z - 77923. Is q a composite number?
True
Suppose 0 = 2*j - 464391 - 31605. Is (-9)/(-24) - j/(-48) prime?
True
Let n = 6848 - -5649. Is n composite?
False
Let a(p) = 1250*p**2 + 199*p - 10. Is a